 + 11. Calculate the remainder when 16 is divided by l(m).
5
Let s = -830 + 796. Calculate the remainder when 78 is divided by 2 + -1 - (s - (-12 + 19)).
36
Let p = 1579 - 1504. Calculate the remainder when 599 is divided by p.
74
Suppose 12*h - y - 2366 = -h, -4*y - 182 = -h. What is the remainder when 722 is divided by h?
176
Let v(j) = -2*j**2 - 8*j - 6. Let c be v(-3). Suppose c = -l + 2*d + 20, -3*l + 4*d = -30 - 26. Calculate the remainder when 51 is divided by l.
3
Let k(d) = d**3 + 27*d**2 - 61*d - 9. Suppose 33 = 2*l + j, 0*j = -3*l - 3*j + 51. Calculate the remainder when k(-29) is divided by l.
14
Let i(a) = -110*a - 8424. What is the remainder when i(-82) is divided by 16?
4
Let s be ((-8)/(-5))/(2/5). Suppose -u = -20 + s. What is the remainder when 93 is divided by u?
13
Let j = -743779 - -743846. Let l(p) = -74*p - 1. Calculate the remainder when l(-3) is divided by j.
20
Let o = -32 - 131. Let p = o - -173. Calculate the remainder when 25 is divided by p.
5
Let u(d) = -d**2 - 9*d + 10. Let l(m) = m**3 - 15*m**2 - 52*m - 169. What is the remainder when l(19) is divided by u(-8)?
17
What is the remainder when (-34617)/15*(2 + -3) + 13/65 is divided by 229?
18
Suppose -146070 + 9297 = -273*q. Calculate the remainder when q is divided by 72.
69
Calculate the remainder when -24 + (-3 + 5)*3931 is divided by 98.
96
Let r(k) = 3 - 4*k - 30 - 6. Let s be r(-22). Suppose s + 33 = 4*o. Calculate the remainder when 86 is divided by o.
20
Let f(q) = 13*q + 888. Let m(h) = h + 13. Let o be m(-11). Suppose 2*y = -o*y + 44. Calculate the remainder when y is divided by f(-68).
3
Suppose 2085*x + 72 = 2082*x. Let z(q) = 2*q**2 + 12*q + 3. Calculate the remainder when 5/(-10)*16/x*303 is divided by z(-8).
31
Let o = -47 - -48. Let f be (-123 - 6)/(15/(-6) + o). Suppose -v + s - f = -2*v, 268 = 3*v - 2*s. Calculate the remainder when v is divided by 18.
16
Let c(w) = -w**3 - 20*w**2 + 9*w + 692. What is the remainder when 958 is divided by c(-19)?
158
Let o = 1624 + -1262. What is the remainder when o is divided by 54?
38
Suppose -43*f - 108652 = -135*f. Calculate the remainder when f is divided by 33.
26
Let q(m) = -8*m**2 + 620*m - 165. What is the remainder when q(76) is divided by 75?
72
Suppose 9*x = 58 + 5. Let f(g) = -g**3 + 7*g**2 + 3*g + 9. Calculate the remainder when (-2)/9 - (803/(-9) - -1) is divided by f(x).
28
Let y = 1734 + -1724. What is the remainder when 34 is divided by y?
4
Let l be -4 - (1 - 4 - 0)*3. Suppose l*q - 307 = -2*j + 8, 20 = -4*j. What is the remainder when q is divided by 17?
14
Let f = 205 - 193. What is the remainder when 88 is divided by 69*((-2)/(-12) - (-6)/f)?
42
Let l(h) = -39*h**3 + 1 + 11*h + 29*h**2 + 40*h**3 - 36*h**2. Calculate the remainder when 93 is divided by l(5).
3
Let d be 59*(2 - (4 + -1)). Let i = d + 104. What is the remainder when i is divided by 1 + (-43)/(-6) + (-4)/24?
5
Suppose z = 2*r - 189, 3*r - 5*z - 55 = 211. Suppose -7*k = -r - 57. What is the remainder when 40 is divided by k?
18
Suppose -7 = -8*i + 497. Let h = -6 + i. Let x(l) = -9*l - 6. What is the remainder when h is divided by x(-4)?
27
Suppose 7 - 3 = a. Suppose 4*y = -6*y - 5*y + 480. Suppose 9 = 4*o - 5*g - 24, -y = -a*o + 4*g. Calculate the remainder when 26 is divided by o.
5
Suppose h = s - 52, 0 = -3*s + 3*h - 6*h + 132. Suppose -4 = 11*o - s. Let i(w) = -14*w + 1. What is the remainder when i(-1) is divided by o?
3
Let u = -1215 - -1840. Calculate the remainder when u is divided by 54.
31
Let y(m) = -12*m**2 + 11*m + 68. Let r be y(-7). Let x = r + 609. What is the remainder when 86 is divided by x?
2
Let t = 166 + -41. Let f = -67 + t. Calculate the remainder when f is divided by 10.
8
Let o be (-3 - -5) + (-1)/(-3)*3. Suppose 0 = -o*r - 6, 5*r + 61 - 17 = m. What is the remainder when m is divided by 21?
13
Let k = 216 + -356. Let p = -106 - k. What is the remainder when 66 is divided by p?
32
Suppose 4*v = -77*v + 3807. Suppose -3*d + 3 = 2*t + 6, 0 = -5*d - 15. Suppose -w = -t - 9. Calculate the remainder when v is divided by w.
11
Let l be (-2 - 35/(-10))*54. Let n = l + -75. What is the remainder when 29 is divided by n?
5
Suppose -5*k - 11*w + 2 = -8*w, -2*k - 5*w + 16 = 0. What is the remainder when 284 is divided by (4*4)/(11 + k + -8)?
12
Suppose -3*u + 176 = -4*k, 496 = 7*u - 4*k + 112. Let d(a) = 7*a**2 - 6*a - 9. Calculate the remainder when d(6) is divided by u.
51
Suppose -2*h - 5*w - 31 = 0, 6 = 3*h + 3*w + 30. Suppose -v = 5*u + 32, -8 = 9*u - 6*u - 5*v. What is the remainder when 32 is divided by 0 - u - (0 + h)?
5
Suppose v = -0*v + 18. Suppose -5*f + m + 13 = -52, 15 = 3*m. What is the remainder when 4/v + (-232)/(-9) is divided by f?
12
Calculate the remainder when 22940 is divided by 9 - 10*(-84)/120.
12
Suppose -3*g = -2*i - 0*g + 5, -4*i - 23 = 5*g. Let l be (-94)/i - (6 - 7). Let c = l + -37. What is the remainder when 74 is divided by c?
8
Let x = 3308 + -3170. What is the remainder when 282 is divided by x?
6
Suppose -492349 = 101*b - 342*b + 744704. Calculate the remainder when b is divided by 11.
7
Let q(y) = -y**2 + 11*y - 28. Let k be q(4). Suppose 0 = -4*v - 2*i + 58, v + k = -2*i + 13. What is the remainder when 83 is divided by v?
8
Let v be -4*3*(-10 + 5). Let d be (-68 + 11)/(3/(-5)). Let a = d - v. What is the remainder when 208 is divided by a?
33
Let f be (-2)/10*(6 - (23 - -8)). Suppose 5*p - 230 = f*q, -2*q = 5*p - q - 254. What is the remainder when p is divided by (2 - 4)/((-1)/2)?
2
Let u = -731 + 1368. Let l = -572 + u. Calculate the remainder when l is divided by 23.
19
Let b(u) = 6*u + 302. Let j = -1 + 6. Suppose -4*l - j*a = -31, 3*l + 6 = 2*l - 4*a. What is the remainder when b(-42) is divided by l?
8
Suppose 0 = -s + 15 - 1. Let b(x) = -x**3 + 49*x**2 - 29*x - 718. What is the remainder when b(48) is divided by s?
12
Let f = 48 + -20. Suppose -3*d - w = -0*w + f, -5*d + 4*w - 24 = 0. Calculate the remainder when d/(-12) + ((-428)/(-6) - 3) is divided by 7.
6
Suppose 25*g = -30*g + 4950. Calculate the remainder when g is divided by 86.
4
Suppose -3*d = t - 1 - 21, d + 26 = 3*t. Calculate the remainder when (-7 + -2)*t*2/(-6) is divided by 17.
13
Suppose 133*z = 166*z - 27324. What is the remainder when z is divided by 168?
156
Let p be (-1 + (-26)/4)*(-1146)/(-955). Let m(j) = -j**3 - 9*j**2 + 2*j + 20. Calculate the remainder when 11 is divided by m(p).
1
Suppose -2*a = -5*v - 1071, 5*a + 2*v = 7*a - 1086. Suppose 5*f + n - 291 = 5*n, -16 = 4*n. What is the remainder when a is divided by f?
53
Suppose 113*l + 378 = 119*l. What is the remainder when 1082 is divided by l?
11
Let b = 7 - -97. Suppose b - 386 = -6*v. Let m(f) = -f + 17. Calculate the remainder when v is divided by m(7).
7
Let d be ((-483)/46)/(9/(-6)). Let b(o) = -o**3 + 8*o**2 + 7*o + 15. What is the remainder when b(d) is divided by 61?
52
Calculate the remainder when 97 is divided by ((-3)/(-6))/(51/9690).
2
Let a be (-3)/(-6)*(-1 + 5). Suppose a*g - 124 = 22. Suppose 0 = 11*s - 499 - g. What is the remainder when s is divided by 14?
10
Let p be (-2)/(-14) - (6 - (-164)/(-28)). Calculate the remainder when 25 is divided by (21/(-42))/(2/(-52) - p).
12
Suppose 2*i - m = -6, 0 = i + i + 5*m + 6. Let v be ((-2)/(i - -4))/((-3)/6). Suppose -17 = -v*b + 39. Calculate the remainder when 38 is divided by b.
10
Suppose 4*t - 213 = 7*t. Let z = t - -86. Suppose -w = -1, 5*o = -w + 61 - z. Calculate the remainder when 17 is divided by o.
8
Suppose -7*f + 2*f = -215. Suppose -4*q + 18 = 14, 2*a + 2*q = 22. What is the remainder when f is divided by a?
3
Let d(i) = i**2 - 15*i + 22. Let z be (-438)/(-27) + ((-64)/36)/8. Calculate the remainder when 126 is divided by d(z).
12
Suppose -3*x - 42 = -267. Calculate the remainder when 16 is divided by ((-6)/(-45) - (-140)/x) + 4.
4
What is the remainder when 53607/334 - 1/2 is divided by 13?
4
Let s(n) = -2*n**3 + n**2 - 3*n + 1. Calculate the remainder when s(-4) is divided by (-5 - -134)*11/33.
28
Let b = 32 + -34. Let w(t) = -4*t**3 - 4*t**2 + t - 2. Let j be w(b). Let d = 6 + j. Calculate the remainder when d is divided by 11.
7
Let v(q) = -q**2 - 4*q - 1. Let j be v(-3). Let x(y) = -4*y - 6*y**j - 5*y**2 + 4*y**2 - 16 - y**3. Calculate the remainder when x(-